{"version":"1.0","provider_name":"ES - Spanish","provider_url":"https:\/\/www.wordans.es\/pages","author_name":"Gabriel Ortiz","author_url":"https:\/\/www.wordans.es\/pages\/author\/es\/","title":"Tendencias de moda de verano | Wordans Espa\u00f1a","type":"rich","width":600,"height":338,"html":"<blockquote class=\"wp-embedded-content\" data-secret=\"9trcGQ8ngc\"><a href=\"https:\/\/www.wordans.es\/pages\/tendencias-de-moda-de-verano\/\">Tendencias de moda de verano<\/a><\/blockquote><iframe sandbox=\"allow-scripts\" security=\"restricted\" src=\"https:\/\/www.wordans.es\/pages\/tendencias-de-moda-de-verano\/embed\/#?secret=9trcGQ8ngc\" width=\"600\" height=\"338\" title=\"\u00abTendencias de moda de verano\u00bb \u2014 ES - Spanish\" data-secret=\"9trcGQ8ngc\" frameborder=\"0\" marginwidth=\"0\" marginheight=\"0\" scrolling=\"no\" class=\"wp-embedded-content\"><\/iframe><script>\n\/*! This file is auto-generated *\/\n!function(d,l){\"use strict\";l.querySelector&&d.addEventListener&&\"undefined\"!=typeof URL&&(d.wp=d.wp||{},d.wp.receiveEmbedMessage||(d.wp.receiveEmbedMessage=function(e){var t=e.data;if((t||t.secret||t.message||t.value)&&!\/[^a-zA-Z0-9]\/.test(t.secret)){for(var s,r,n,a=l.querySelectorAll('iframe[data-secret=\"'+t.secret+'\"]'),o=l.querySelectorAll('blockquote[data-secret=\"'+t.secret+'\"]'),c=new RegExp(\"^https?:$\",\"i\"),i=0;i<o.length;i++)o[i].style.display=\"none\";for(i=0;i<a.length;i++)s=a[i],e.source===s.contentWindow&&(s.removeAttribute(\"style\"),\"height\"===t.message?(1e3<(r=parseInt(t.value,10))?r=1e3:~~r<200&&(r=200),s.height=r):\"link\"===t.message&&(r=new URL(s.getAttribute(\"src\")),n=new URL(t.value),c.test(n.protocol))&&n.host===r.host&&l.activeElement===s&&(d.top.location.href=t.value))}},d.addEventListener(\"message\",d.wp.receiveEmbedMessage,!1),l.addEventListener(\"DOMContentLoaded\",function(){for(var e,t,s=l.querySelectorAll(\"iframe.wp-embedded-content\"),r=0;r<s.length;r++)(t=(e=s[r]).getAttribute(\"data-secret\"))||(t=Math.random().toString(36).substring(2,12),e.src+=\"#?secret=\"+t,e.setAttribute(\"data-secret\",t)),e.contentWindow.postMessage({message:\"ready\",secret:t},\"*\")},!1)))}(window,document);\n\/\/# sourceURL=https:\/\/www.wordans.es\/pages\/wp-includes\/js\/wp-embed.min.js\n<\/script>\n","thumbnail_url":"https:\/\/www.wordans.es\/pages\/wp-content\/uploads\/1\/2024\/06\/PRODUCT-8.png","thumbnail_width":2560,"thumbnail_height":1707,"description":"El verano acaba de comenzar, est\u00e1n llegando los d\u00edas agradables y el calor comienza a sentirse, \u00a0as\u00ed que en esta ocasi\u00f3n, hemos decidido presentaros las \u00faltimas tendencias de la moda de verano. En Wordans, al igual que en Needen, siempre queremos ofrecer productos que est\u00e9n de acuerdo con la moda actual. Por lo tanto, podr\u00e1s [&hellip;]"}

Tendencias de moda de verano | Wordans España

El verano acaba de comenzar, están llegando los días agradables y el calor comienza a sentirse,  así que en esta ocasión, hemos decidido presentaros las últimas tendencias de la moda de verano. En Wordans, al igual que en Needen, siempre queremos ofrecer productos que estén de acuerdo con la moda actual. Por lo tanto, podrás [&hellip;]
